{"id":1974,"date":"2021-01-02T16:55:54","date_gmt":"2021-01-02T16:55:54","guid":{"rendered":"https:\/\/staging.chutzegruess.ch\/?page_id=1974"},"modified":"2021-01-02T16:55:54","modified_gmt":"2021-01-02T16:55:54","slug":"chutzegruess-reise-2006-reisebericht","status":"publish","type":"page","link":"https:\/\/chutzegruess.ch\/?page_id=1974","title":{"rendered":"Chutzegruess-Reise 2006: Reisebericht"},"content":{"rendered":"\n<p>Um (fast) Punkt 9 Uhr ging sie los, die 3. Chutzegruess-Reise! Umgeben von strahlend grauen Nebelschwaden entf\u00fchrte uns unser Reiseleiter Andreas Reber, nach einem ersten \u201eKaffeehalt\u201c (ohne Kaffee) im Baggwilgraben, in das wundersch\u00f6ne Berner Oberland. Mit Blick auf den Niesen und auf undefinierbare Luftblasen im Wasser machten wir kurze Zeit sp\u00e4ter am Thunersee Ap\u00e9ro-Halt. Nach intensiven Nachforschungen konnte schliesslich auch der Ursprung der Luftblasen gekl\u00e4rt werden. Es gibt tats\u00e4chlich Menschen, die am Sonntagmorgen, bei Nieselregen und Nebel, nichts besseres zu tun haben als zu tauchen&#8230;&nbsp;<br><br>Die Reise f\u00fchrte uns weiter \u00fcber Interlaken und Beatenberg auf das Niederhorn. Die grandiose Aussicht wurde lediglich durch ein paar dicke Schleierwolken und stockdicken Nebel etwas getr\u00fcbt. Dies was der guten Stimmung beim Mittagessen jedoch eher zutr\u00e4glich. Einziger Wehmutstropfen: Kennen doch diese Oberl\u00e4nder nicht einmal unser allseits bekanntes Aare-Bier!!&nbsp;<br><br>Nachdem wir uns also ausreichend Mut angetrunken hatten, kamen wir zum gef\u00e4hrlichen Teil unserer Reise: die steile und technisch \u00e4usserst anspruchsvolle Abfahrt mit den Trotti-Bikes! Die halsbrecherischen \u00dcberholman\u00f6ver \u00fcber \u201ePony-Stopps\u201c und Abwasserrinnen liefen nur dank dem enormen Fahrk\u00f6nnen der Reiseteilnehmer verletzungsfrei ab. Auch die drohenden Erfrierungen an den H\u00e4nden konnten Dank einem warmen Kaffee unterwegs erfolgreich abgewendet werden.<\/p>\n\n\n\n<p>Bei der Talstation angekommen, ging es Schlag auf Schlag weiter! Es sollte ein Auftritt im Hotel Gloria in Beatenberg folgen. Nach einem wunderbaren K\u00e4sefondue wurden die G\u00e4ste des Restaurants durch die Kapelle \u201eH\u00e4gere\u201c unterhalten. Vor allem die Piano-Stellen ernteten beim Publikum grossen Beifall!<br><br>Die R\u00fcckreise verlief ohne Zwischenf\u00e4lle, so dass wir alle wieder wohlbehalten zu Hause angekommen sind. Im Namen aller Teilnehmer m\u00f6chte ich an dieser Stelle Andreas Reber f\u00fcr die Organisation herzlich danken. Sogar beim Wetter ist er den Traditionen treu geblieben!<\/p>\n","protected":false},"excerpt":{"rendered":"<p>Um (fast) Punkt 9 Uhr ging sie los, die 3. Chutzegruess-Reise! Umgeben von strahlend grauen Nebelschwaden entf\u00fchrte uns unser Reiseleiter Andreas Reber, nach einem ersten \u201eKaffeehalt\u201c (ohne Kaffee) im Baggwilgraben, in das wundersch\u00f6ne Berner Oberland. Mit Blick auf den Niesen und auf undefinierbare Luftblasen im Wasser machten wir kurze Zeit sp\u00e4ter am Thunersee Ap\u00e9ro-Halt. Nach [&hellip;]<\/p>\n","protected":false},"author":1,"featured_media":0,"parent":0,"menu_order":0,"comment_status":"closed","ping_status":"closed","template":"","meta":{"footnotes":""},"class_list":["post-1974","page","type-page","status-publish","hentry"],"_links":{"self":[{"href":"https:\/\/chutzegruess.ch\/index.php?rest_route=\/wp\/v2\/pages\/1974","targetHints":{"allow":["GET"]}}],"collection":[{"href":"https:\/\/chutzegruess.ch\/index.php?rest_route=\/wp\/v2\/pages"}],"about":[{"href":"https:\/\/chutzegruess.ch\/index.php?rest_route=\/wp\/v2\/types\/page"}],"author":[{"embeddable":true,"href":"https:\/\/chutzegruess.ch\/index.php?rest_route=\/wp\/v2\/users\/1"}],"replies":[{"embeddable":true,"href":"https:\/\/chutzegruess.ch\/index.php?rest_route=%2Fwp%2Fv2%2Fcomments&post=1974"}],"version-history":[{"count":1,"href":"https:\/\/chutzegruess.ch\/index.php?rest_route=\/wp\/v2\/pages\/1974\/revisions"}],"predecessor-version":[{"id":1975,"href":"https:\/\/chutzegruess.ch\/index.php?rest_route=\/wp\/v2\/pages\/1974\/revisions\/1975"}],"wp:attachment":[{"href":"https:\/\/chutzegruess.ch\/index.php?rest_route=%2Fwp%2Fv2%2Fmedia&parent=1974"}],"curies":[{"name":"wp","href":"https:\/\/api.w.org\/{rel}","templated":true}]}}