{"id":69,"date":"2020-12-29T15:31:26","date_gmt":"2020-12-29T15:31:26","guid":{"rendered":"https:\/\/staging.chutzegruess.ch\/?page_id=69"},"modified":"2026-01-15T08:20:49","modified_gmt":"2026-01-15T08:20:49","slug":"geschichte","status":"publish","type":"page","link":"https:\/\/chutzegruess.ch\/?page_id=69","title":{"rendered":"Geschichte"},"content":{"rendered":"\n<h2 class=\"wp-block-heading\">Der erste Auftritt<\/h2>\n\n\n\n<p>Der erste Auftritt des Duo Chutzegruess &#8211; damals nat\u00fcrlich noch namenlos &#8211; war im Februar 2003 am Winterkonzert der Musikgesellschaft Lobsigen. Der damalige Dirigent der MG Lobsigen, Andreas Reber, hat mit dem St\u00fcck \u201eAlphornpolka\u201c eine Melodie f\u00fcr Blasmusik und zwei Alph\u00f6rner geschrieben.<\/p>\n\n\n\n<h2 class=\"wp-block-heading\">Kant. Jodlerfest in Kirchberg<\/h2>\n\n\n\n<p>Durch eine spontane Idee haben wir (Gisela und Chrigu) uns am 28. Februar 2003 dazu entschlossen, am 41. Kantonalen Jodlerfest in Kirchberg teilzunehmen. An diesem Tag haben wir uns auch f\u00fcr den Namen \u201eChutzegruess\u201c entschieden. Die Vorbereitungen waren intensiv, wenn wir uns auch erst zwei Wochen vor dem Fest definitiv f\u00fcr das St\u00fcck \u201eBim Weidgatter\u201c von Hansj\u00fcrg Sommer entschieden haben.<\/p>\n\n\n\n<p>An dieser Stelle m\u00f6chten wir uns bei all denen Alphorn-Spielern entschuldigen, bei welchen wir &#8211; nat\u00fcrlich unabsichtlich &#8211; ins \u201eRevier\u201c eingedrungen sind. Mittlerweile haben wir unser eigenes Revier, welches wir regelm\u00e4ssig \u201emarkieren\u201c!!<\/p>\n\n\n\n<p>Unser erstes Kantonales Jodlerfest in Kirchberg (20. bis 22. Juni 2003) fand bei strahlendem Sonnenschein und \u00e4usserst hitzigen Temperaturen statt. Unser Vortrag wurde mit der Note 2 bewertet, womit wir angesichts der kurzen Vorbereitungszeit sehr zufrieden waren.<\/p>\n\n\n\n<h2 class=\"wp-block-heading\">Trio Chutzegruess<\/h2>\n\n\n\n<p>Anfang 2004 kam zum \u201eDuo Chutzegruess\u201c das \u201eTrio Chutzegruess\u201c dazu. Hansruedi Peter hat das sch\u00f6ne Hobby Alphornblasen auch f\u00fcr sich entdeckt. W\u00e4hrend den n\u00e4chsten drei Jahren traten wir sowohl im Duo als auch im Trio regelm\u00e4ssig auf. Zu einer Teilnahme an einem Eidgen\u00f6ssischen oder Kantonalen Jodlerfest hat es aus zeitlichen Gr\u00fcnden im Trio jedoch nie gereicht.<\/p>\n\n\n\n<h2 class=\"wp-block-heading\">2004\/2005<\/h2>\n\n\n\n<p>Im Duo nahmen wir 2004 am Kantonalen in M\u00fcnsingen sowie 2005 am Eidgen\u00f6ssischen in Aarau erfolgreich teil. 2006 war eine Teilnahme am Kantonalen Jodlerfest in Biel wegen der Terminkollision mit dem Eidgen\u00f6ssischen Musikfest in Luzern leider nicht m\u00f6glich.<\/p>\n\n\n\n<h2 class=\"wp-block-heading\">Ende des Trios<\/h2>\n\n\n\n<p>Anfang 2007 haben wir uns entschieden, das Trio aufzul\u00f6sen. Die Zeit reicht leider nicht aus, um in beiden Formationen den n\u00f6tigen Aufwand f\u00fcr eine stetige Verbesserung erbringen zu k\u00f6nnen. Wir danken an dieser Stelle Hansruedi Peter ganz herzlich f\u00fcr die vielen sch\u00f6nen Erlebnisse. Einige davon, wir denken da vor allem an die Teilnahme am Festumzug des EHAMF in Lyss oder an den Auftritt im im L\u00f6tschberg-Saal in Spiez, w\u00e4ren ohne ihn sicher nicht zustande gekommen. Merci viu Mau, Hane!<\/p>\n\n\n\n<h2 class=\"wp-block-heading\">Neugestaltung Alphorn-Formation<\/h2>\n\n\n\n<p>Seit 2007 traten Gisela und Chrigu an verschiedensten Anl\u00e4ssen und Jodlerfesten jeweils als Duo auf. Im Jahr 2021 kam der grosse Entwicklungsschritt. Wir konnten Edith und Heidi in unserer Alphorn-Formation willkommen heissen. Seither sind wir v\u00f6llig flexibel entweder als Duo, Trio oder Quartett anzutreffen.<\/p>\n","protected":false},"excerpt":{"rendered":"<p>Der erste Auftritt Der erste Auftritt des Duo Chutzegruess &#8211; damals nat\u00fcrlich noch namenlos &#8211; war im Februar 2003 am Winterkonzert der Musikgesellschaft Lobsigen. Der damalige Dirigent der MG Lobsigen, Andreas Reber, hat mit dem St\u00fcck \u201eAlphornpolka\u201c eine Melodie f\u00fcr Blasmusik und zwei Alph\u00f6rner geschrieben. Kant. Jodlerfest in Kirchberg Durch eine spontane Idee haben wir [&hellip;]<\/p>\n","protected":false},"author":1,"featured_media":0,"parent":0,"menu_order":0,"comment_status":"closed","ping_status":"closed","template":"","meta":{"footnotes":""},"class_list":["post-69","page","type-page","status-publish","hentry"],"_links":{"self":[{"href":"https:\/\/chutzegruess.ch\/index.php?rest_route=\/wp\/v2\/pages\/69","targetHints":{"allow":["GET"]}}],"collection":[{"href":"https:\/\/chutzegruess.ch\/index.php?rest_route=\/wp\/v2\/pages"}],"about":[{"href":"https:\/\/chutzegruess.ch\/index.php?rest_route=\/wp\/v2\/types\/page"}],"author":[{"embeddable":true,"href":"https:\/\/chutzegruess.ch\/index.php?rest_route=\/wp\/v2\/users\/1"}],"replies":[{"embeddable":true,"href":"https:\/\/chutzegruess.ch\/index.php?rest_route=%2Fwp%2Fv2%2Fcomments&post=69"}],"version-history":[{"count":6,"href":"https:\/\/chutzegruess.ch\/index.php?rest_route=\/wp\/v2\/pages\/69\/revisions"}],"predecessor-version":[{"id":2108,"href":"https:\/\/chutzegruess.ch\/index.php?rest_route=\/wp\/v2\/pages\/69\/revisions\/2108"}],"wp:attachment":[{"href":"https:\/\/chutzegruess.ch\/index.php?rest_route=%2Fwp%2Fv2%2Fmedia&parent=69"}],"curies":[{"name":"wp","href":"https:\/\/api.w.org\/{rel}","templated":true}]}}